 factors of k?
2
Let q(p) = -p**3 + 3*p**2 - 7. Let y be q(-4). Let d be 5*52*(-2)/10. Let g = y + d. List the prime factors of g.
53
Let x(f) = -f**3 - 6*f**2 + 3*f + 3. Let z be x(-5). Let v = -27 - z. List the prime factors of v.
2, 5
Suppose -d - l - 348 = 346, 5*l = 5*d + 3490. List the prime factors of (0 + -2)/(12/d).
2, 29
Let q(j) = j**3 + 36*j**2 + 100*j - 9. List the prime factors of q(-29).
2, 1489
Let i = -199 + 310. List the prime factors of i.
3, 37
Let o = -415 + 118. Let c = -94 - o. List the prime factors of c.
7, 29
Suppose -42*l - 2121 = -45*l. Suppose -4*m + 0*y - 3*y = -701, 3*y = 4*m - l. List the prime factors of m.
2, 11
Let v(t) = t + 11. Let r be v(-6). Suppose 0 = -5*p + 3*m + 295 + 130, 3*p = r*m + 271. List the prime factors of p.
2, 41
Let n(x) = -x**2 + 7*x + 2. Let q be n(5). What are the prime factors of (-6)/15 + q/5?
2
Suppose 4*p = 6*p - 8. Let s = -13 + 13. Suppose m - 2*a - 32 = -m, s = p*a + 12. What are the prime factors of m?
13
Let y(w) = 6*w + 6. Let b = -13 - -23. What are the prime factors of y(b)?
2, 3, 11
Let j(n) = n**2 - 10*n + 16. Suppose 3*t - 48 = -5*l, -l + 5*l = 3*t - 21. What are the prime factors of j(t)?
3
Let x = -910 + 1088. What are the prime factors of x?
2, 89
Let j be (-5 + 47 - -1) + 3. What are the prime factors of 17/(-5 - j/(-9))?
3, 17
Let r be (-188)/(-6)*(-12)/8. Let p = r + 96. Suppose -35 - p = -3*l. List the prime factors of l.
2, 7
Let w(x) = -3*x**2 - 5*x - 16. Let i be w(-5). List the prime factors of i/(-44) + 397/2.
2, 5
Suppose 2*n + 14 = 4*v, -4*n + 11*v - 13 = 6*v. Let k(b) = 4*b**3 + 2*b**2 + b. What are the prime factors of k(n)?
3, 43
Let q = 18 - 18. Suppose 2*f + q = 8. List the prime factors of f.
2
Suppose 0 = 2*f + 5*q - 716, 5*q - 1771 = -5*f + 2*q. List the prime factors of f.
353
Suppose 2*w - 35 = 4*z - 15, 5*w - 4*z = 20. Suppose w*v - v + 16 = 0. What are the prime factors of v?
2
What are the prime factors of 138 + 3/21*0?
2, 3, 23
Let q = 7 - 10. Let n(a) = -a**3 - 4*a**2 + 3. Let s be n(q). Let u = 9 - s. List the prime factors of u.
3, 5
Let i(l) = l**3 - 7*l**2 - 10*l + 5. What are the prime factors of i(9)?
7, 11
Suppose 2*l - 1074 = 4*n, 0 = -7*n + 12*n. What are the prime factors of l?
3, 179
Suppose 6*f - 7*f = -6. Let b(w) = 19*w + 20. List the prime factors of b(f).
2, 67
Let c = -30 + 34. Suppose 2*p = c*v + 148, 4*v + 86 - 8 = p. List the prime factors of p.
2, 5, 7
Let b(a) = 5 - 13*a + 5 + 12*a. Let c be b(6). Suppose 2*k - c*n = 0, 0 = -5*k + 4*n + 6 - 0. List the prime factors of k.
2
Let c be ((-21)/(-2))/(4/(-16)*1). Let u = c + 119. List the prime factors of u.
7, 11
Let u be 2/9 - (-2260)/(-45). List the prime factors of 3 - -1*u/(-1).
53
Suppose -3*z + d - 3*d = -8, -5*z + 16 = 2*d. Suppose 0 = 4*j + 5*w - 187, 0*w - z*w + 236 = 5*j. Let y = -25 + j. What are the prime factors of y?
23
Suppose -12 = -t + 4*n, -4*t = -n + 3 - 6. Suppose t = -4*x + 5*d + 58, d - 34 = -5*x + 24. What are the prime factors of x?
2, 3
Let d(a) = -5*a - 2. Suppose 4 = -h + 3*t + 2, -6 = -2*h - 4*t. Let l be d(h). What are the prime factors of (-453)/l - (-2)/7?
5, 13
Suppose -15*x + 19*x - 60 = 0. Suppose x*l + 252 = 22*l. List the prime factors of l.
2, 3
Let b be 50/6 + (-7)/21. Let f = b - -2. Suppose 0*k + f = 2*k, 3*o = k + 19. List the prime factors of o.
2
Let l(k) = 10*k**2 - 2*k - 6. Let j be l(5). Let f = -137 + j. Let x = f - 34. List the prime factors of x.
3, 7
Suppose 837 = 4*g + 3*f + 195, 4*f = -2*g + 326. Suppose 2*l - 318 = -2*y, -y + 5*l = -2*y + g. List the prime factors of y.
3, 53
Suppose 4*s = 3*s - 2*z - 6, 0 = -3*s + z + 3. Suppose -l + 2*l - 40 = s. What are the prime factors of l?
2, 5
Let q(r) = 3*r**2 - 7*r - 9*r + 26*r - 8*r - 14. List the prime factors of q(-6).
2, 41
Let m = 45 + -78. Let r = 90 + m. Suppose -i - i = 5*u - r, -33 = -2*i + 3*u. What are the prime factors of i?
3, 7
Let g = 27 - 18. Let o(h) be the second derivative of -h**4/12 + 11*h**3/6 - 5*h**2 + 6*h. What are the prime factors of o(g)?
2
What are the prime factors of 12/(-16) - 90*66/(-48)?
3, 41
Let l = 43 - 15. Let z = -43 + l. Let b = -11 - z. What are the prime factors of b?
2
Let x(a) = -2*a**2 - a + 3744. What are the prime factors of x(0)?
2, 3, 13
Let p = -121 + 187. What are the prime factors of p?
2, 3, 11
Let h be 9*5/((-75)/(-155)). Suppose -y + 117 = -h. List the prime factors of y.
2, 3, 5, 7
Let m = 23 + -28. Let p be (2 - m/(-4))*-64. What are the prime factors of (261/12)/((-18)/p)?
2, 29
Let n(q) = 2*q - 4. Let k be n(2). Suppose -3*u - 2*c = -k*c + 231, 3*u + 231 = 5*c. Let i = -28 - u. List the prime factors of i.
7
Let a = 3 + 7. Suppose -5*z + 2*z + 15 = -4*q, 30 = -4*q - 2*z. What are the prime factors of (1 + q/a)*25?
2, 5
Suppose -3*s + 3*g + 657 = 0, -13*s - 876 = -17*s + 5*g. List the prime factors of s.
3, 73
Let z(p) = -3*p - 5. Let g be z(6). Let h be (1 - ((-3)/(-6) - 1))*26. Let n = g + h. What are the prime factors of n?
2
Let d = 19 - 19. Suppose -3*y = -3*h + 8*h - 16, 3*y - 4*h + 2 = d. Suppose s = -3*c - y*s + 42, 4*c + 3*s - 51 = 0. List the prime factors of c.
3
Let p(o) = -o - 13. Let w be p(-13). Suppose w = -2*v - 3*v. Suppose v*y + 5*y = 5*h - 195, -2*y - 2 = 0. What are the prime factors of h?
2, 19
Let u be (-8440)/65 + (-2)/13. What are the prime factors of 6/(505/u - -4)?
2, 13
Let i = 0 - -2. Suppose 0 = -i*h - 18 - 0. Let y = -7 - h. What are the prime factors of y?
2
Suppose -1259 = -2*u + 3*l, -3*l - l - 1258 = -2*u. List the prime factors of u.
631
Suppose -10506 = 5287*g - 5293*g. List the prime factors of g.
17, 103
Suppose 7*p + 2466 = 6477. What are the prime factors of p?
3, 191
Let r = -6 - 14. Suppose 6*s + 99 = 537. Let x = s + r. List the prime factors of x.
53
Suppose -601 - 939 = -z - 4*t, 25 = -5*t. What are the prime factors of z?
2, 3, 5, 13
Let q(k) = -k + 1. Let v be q(1). Suppose v = r + x - 62, -3*x = -4*r - 8*x + 251. What are the prime factors of r?
59
Suppose -4*g - 5*z = g + 215, 0 = 4*g + 2*z + 166. List the prime factors of (-2)/10 + (-1128)/g.
2, 7
Let r be -3 + 2*24/4. Let y = r + -5. Suppose -y*f + 52 = -0*f. List the prime factors of f.
13
Let s = 115 + -115. Suppose -690 = -5*x - w, 5*x + s*w = -3*w + 690. List the prime factors of x.
2, 3, 23
Suppose 5*a = -4*q + 9*q - 2420, 2375 = 5*q + 4*a. What are the prime factors of q?
479
Let s(z) = 2*z**3 - 23*z**2 - 9*z - 25. Let k be s(12). Suppose a + k = 30. List the prime factors of a.
19
Suppose -5*j - 3*n + 7*n = 54, 3*n - 30 = 3*j. Let g(w) = -w**2 - 5*w - 2. Let v be g(-6). Let p = v - j. List the prime factors of p.
2, 3
Suppose 134 = 3*r - 478. Let g = -130 + r. List the prime factors of g.
2, 37
Let b be (-3)/18 - (-98)/12. Suppose 3*d + b = 17. Suppose -14 - 21 = -4*v + d*c, c = -5. List the prime factors of v.
5
Suppose 0 = 2*q - 2 + 14. Let z be 1 - 2*213/q. Suppose 0 = -3*c + 3 + z. List the prime factors of c.
5
Let w = -25 - 9. Let k = 152 + w. Suppose -5*a + 39 - k = -4*n, 5*a - 77 = -2*n. List the prime factors of n.
2, 13
Suppose -2*l + 24 = 4*t - 2, 1 = -3*l + 2*t. Suppose -2*q = b + l - 12, 4*q - 5*b + 17 = 0. Suppose p = -q*p + 102. What are the prime factors of p?
2, 17
Let i(q) = 8*q**2 + q + 1. Suppose 0 = -5*c + 6*c + 1. Let a be i(c). Suppose -4*z - 2*j + 112 = 0, -3*j + 120 = 4*z + a. What are the prime factors of z?
2, 7
Suppose -23 - 49 = -v. Let k(p) = 8*p + 29. Let y be k(-4). Let f = v - y. What are the prime factors of f?
3, 5
Suppose 0 = -5*f - 5*b + 265, -4*f + 155 = -f + 2*b. Let y be (-4)/14 + 1582/f. Suppose -y = -3*t + t. What are the prime factors of t?
2
Let f(w) = -2*w + 4. Let o be f(-4). Suppose 14*m + 36 = 10*m. Let u = m + o. What are the prime factors of u?
3
Let v(l) = -14*l**2 + 11*l + 7 + 2*l**2 + 0*l**3 - l**3 + 0*l**3. Let q be v(-12). Let b = -84 - q. What are the prime factors of b?
41
Let n(q) = 11*q - 36. Suppose 4*f + 42 = 5*r + 3*f, -4*f = -2*r + 6. List the prime factors of n(r).
3, 7
Let p(k) = -k**3 - 12*k**2 - 10*k + 19. Let q be p(-11). What are the prime factors of (2 - (-1 - -5))*(-388)/q?
97
Let y(h) = 32*h - 1. Let t be y(2). Let o = 99 - t. Let n = 59 - o. What are the prime factors of n?
23
Let s = -2212 + 2220. What are the prime factors of s?
2
Let w